{"id":234,"date":"2019-04-24T15:34:40","date_gmt":"2019-04-24T13:34:40","guid":{"rendered":"http:\/\/dev.marsch.hsv-wien.at\/?page_id=234"},"modified":"2025-11-26T08:47:29","modified_gmt":"2025-11-26T07:47:29","slug":"marc-aurel-marsch","status":"publish","type":"page","link":"https:\/\/marsch.hsv-wien.at\/index.php\/marc-aurel-marsch\/","title":{"rendered":"Marc Aurel Marsch"},"content":{"rendered":"\n<h2 class=\"wp-block-heading\">25. Marc Aurel-Marschtage 2026<\/h2>\n\n\n\n<p><strong><em>Termin: 27.08. &#8211; 28.08.2026<\/em><\/strong><br>Start\/Ziel: Gardehaus (T\u00dcPL BN)<\/p>\n\n\n\n<h2 class=\"wp-block-heading\">Unser Anmeldelink ist demn\u00e4chst ge\u00f6ffnet: <br><a href=\"https:\/\/my.raceresult.com\/325752\/\">https:\/\/my.raceresult.com\/325752\/<\/a><\/h2>\n\n\n\n<p><a href=\"https:\/\/marsch.hsv-wien.at\/wp-content\/uploads\/2025\/03\/MAM2025De.pdf\" data-type=\"link\" data-id=\"https:\/\/marsch.hsv-wien.at\/wp-content\/uploads\/2025\/03\/MAM2025De.pdf\">Hier finden Sie noch die Ausschreibung vom MAM2025:<\/a><br><\/p>\n\n\n\n<figure class=\"wp-block-image size-large\"><img loading=\"lazy\" decoding=\"async\" width=\"724\" height=\"1024\" src=\"https:\/\/marsch.hsv-wien.at\/wp-content\/uploads\/2025\/01\/20241216_MAM2025-PlakatA2-De-724x1024.jpg\" alt=\"\" class=\"wp-image-806\" srcset=\"https:\/\/marsch.hsv-wien.at\/wp-content\/uploads\/2025\/01\/20241216_MAM2025-PlakatA2-De-724x1024.jpg 724w, https:\/\/marsch.hsv-wien.at\/wp-content\/uploads\/2025\/01\/20241216_MAM2025-PlakatA2-De-212x300.jpg 212w, https:\/\/marsch.hsv-wien.at\/wp-content\/uploads\/2025\/01\/20241216_MAM2025-PlakatA2-De-768x1086.jpg 768w, https:\/\/marsch.hsv-wien.at\/wp-content\/uploads\/2025\/01\/20241216_MAM2025-PlakatA2-De-1086x1536.jpg 1086w, https:\/\/marsch.hsv-wien.at\/wp-content\/uploads\/2025\/01\/20241216_MAM2025-PlakatA2-De.jpg 1191w\" sizes=\"auto, (max-width: 724px) 100vw, 724px\" \/><\/figure>\n","protected":false},"excerpt":{"rendered":"<p>25. Marc Aurel-Marschtage 2026 Termin: 27.08. &#8211; 28.08.2026Start\/Ziel: Gardehaus (T\u00dcPL BN) Unser Anmeldelink ist demn\u00e4chst ge\u00f6ffnet: https:\/\/my.raceresult.com\/325752\/ Hier finden Sie noch die Ausschreibung vom MAM2025:<\/p>\n","protected":false},"author":2,"featured_media":0,"parent":0,"menu_order":0,"comment_status":"closed","ping_status":"closed","template":"","meta":{"footnotes":""},"class_list":["post-234","page","type-page","status-publish"],"_links":{"self":[{"href":"https:\/\/marsch.hsv-wien.at\/index.php\/wp-json\/wp\/v2\/pages\/234","targetHints":{"allow":["GET"]}}],"collection":[{"href":"https:\/\/marsch.hsv-wien.at\/index.php\/wp-json\/wp\/v2\/pages"}],"about":[{"href":"https:\/\/marsch.hsv-wien.at\/index.php\/wp-json\/wp\/v2\/types\/page"}],"author":[{"embeddable":true,"href":"https:\/\/marsch.hsv-wien.at\/index.php\/wp-json\/wp\/v2\/users\/2"}],"replies":[{"embeddable":true,"href":"https:\/\/marsch.hsv-wien.at\/index.php\/wp-json\/wp\/v2\/comments?post=234"}],"version-history":[{"count":12,"href":"https:\/\/marsch.hsv-wien.at\/index.php\/wp-json\/wp\/v2\/pages\/234\/revisions"}],"predecessor-version":[{"id":1274,"href":"https:\/\/marsch.hsv-wien.at\/index.php\/wp-json\/wp\/v2\/pages\/234\/revisions\/1274"}],"wp:attachment":[{"href":"https:\/\/marsch.hsv-wien.at\/index.php\/wp-json\/wp\/v2\/media?parent=234"}],"curies":[{"name":"wp","href":"https:\/\/api.w.org\/{rel}","templated":true}]}}

<h2 class="wp-block-heading">25. Marc Aurel-Marschtage 2026</h2>



<p><strong><em>Termin: 27.08. &#8211; 28.08.2026</em></strong><br>Start/Ziel: Gardehaus (TÜPL BN)</p>



<h2 class="wp-block-heading">Unser Anmeldelink ist demnächst geöffnet: <br><a href="https://my.raceresult.com/325752/">https://my.raceresult.com/325752/</a></h2>



<p><a href="https://marsch.hsv-wien.at/wp-content/uploads/2025/03/MAM2025De.pdf" data-type="link" data-id="https://marsch.hsv-wien.at/wp-content/uploads/2025/03/MAM2025De.pdf">Hier finden Sie noch die Ausschreibung vom MAM2025:</a><br></p>



<figure class="wp-block-image size-large"><img loading="lazy" decoding="async" width="724" height="1024" src="https://marsch.hsv-wien.at/wp-content/uploads/2025/01/20241216_MAM2025-PlakatA2-De-724x1024.jpg" alt="" class="wp-image-806" srcset="https://marsch.hsv-wien.at/wp-content/uploads/2025/01/20241216_MAM2025-PlakatA2-De-724x1024.jpg 724w, https://marsch.hsv-wien.at/wp-content/uploads/2025/01/20241216_MAM2025-PlakatA2-De-212x300.jpg 212w, https://marsch.hsv-wien.at/wp-content/uploads/2025/01/20241216_MAM2025-PlakatA2-De-768x1086.jpg 768w, https://marsch.hsv-wien.at/wp-content/uploads/2025/01/20241216_MAM2025-PlakatA2-De-1086x1536.jpg 1086w, https://marsch.hsv-wien.at/wp-content/uploads/2025/01/20241216_MAM2025-PlakatA2-De.jpg 1191w" sizes="auto, (max-width: 724px) 100vw, 724px" /></figure>

<p>25. Marc Aurel-Marschtage 2026 Termin: 27.08. &#8211; 28.08.2026Start/Ziel: Gardehaus (TÜPL BN) Unser Anmeldelink ist demnächst geöffnet: https://my.raceresult.com/325752/ Hier finden Sie noch die Ausschreibung vom MAM2025:</p>
