{"id":340,"date":"2024-12-10T10:42:17","date_gmt":"2024-12-10T09:42:17","guid":{"rendered":"http:\/\/dev.marsch.hsv-wien.at\/?page_id=340"},"modified":"2025-12-01T09:50:53","modified_gmt":"2025-12-01T08:50:53","slug":"internationale-maersche","status":"publish","type":"page","link":"https:\/\/marsch.hsv-wien.at\/index.php\/internationale-maersche\/","title":{"rendered":"Internationale M\u00e4rsche"},"content":{"rendered":"\n<p><strong><em>Vom 13.06. &#8211; 14.06.2026<\/em><\/strong> findet im Schweizer Bern der internationale 2 Tagesmarsch (2x40km) statt. Wir organisieren wieder die Anreise &amp; Teilnahme in bew\u00e4hrter Weise! Ein einzigartiges Erlebnis f\u00fcr alle Teilnehmer und gleichzeitig auch ein ausgezeichneter Vorbereitungsmarsch f\u00fcr die Teilnahme beim 4 daagse Marsch in Nijmegen. Bei Interesse einfach Mail an <a href=\"mailto:office.marsch@hsv-wien.at\">office.marsch@hsv-wien.at<\/a> senden.<\/p>\n\n\n\n<p><strong><em>Vom 21.07. &#8211; 24.07.2026 <\/em><\/strong>organisieren wir die Anreise &amp; Teilnahme beim &#8222;4 daagse Marsch&#8220; in Nijmegen, wo 4 x 40km zu bew\u00e4ltigen sein werden. In Kooperation mit der Schweizer Armee werden alle Teilnehmer eine unvergessliche Woche beim gr\u00f6\u00dften Europ\u00e4ischen Milit\u00e4rmarsch erleben. Auch hier wird in Marschgruppen und in milit\u00e4rischer Formation mit 10kg Gep\u00e4ck marschiert werden. Kameradschaft mit den Soldaten aus allen L\u00e4ndern runden dann das Abendprogramm immer wieder ab! Wer einmal von Nijmegen &#8222;infiziert&#8220; wurde, den l\u00e4sst diese Veranstaltung nie mehr los! Bei Interesse einfach Mail an <a href=\"mailto:office.marsch@hsv-wien.at\">office.marsch@hsv-wien.at<\/a> senden.<\/p>\n\n\n\n<p>Die Teilnahme an weiteren internationalen Veranstaltung ist m\u00f6glich, aber noch nicht konkret geplant. Bei speziellem Interesse einfach Mail an <a href=\"mailto:office.marsch@hsv-wien.at\">office.marsch@hsv-wien.at<\/a> senden.<\/p>\n\n\n\n<p><\/p>\n","protected":false},"excerpt":{"rendered":"<p>Vom 13.06. &#8211; 14.06.2026 findet im Schweizer Bern der internationale 2 Tagesmarsch (2x40km) statt. Wir organisieren wieder die Anreise &amp; Teilnahme in bew\u00e4hrter Weise! Ein einzigartiges Erlebnis f\u00fcr alle Teilnehmer und gleichzeitig auch ein ausgezeichneter Vorbereitungsmarsch f\u00fcr die Teilnahme beim 4 daagse Marsch in Nijmegen. Bei Interesse einfach Mail an office.marsch@hsv-wien.at senden. Vom 21.07. &#8211; &#8230; <a title=\"Internationale M\u00e4rsche\" class=\"read-more\" href=\"https:\/\/marsch.hsv-wien.at\/index.php\/internationale-maersche\/\" aria-label=\"Mehr Informationen \u00fcber Internationale M\u00e4rsche\">Weiterlesen<\/a><\/p>\n","protected":false},"author":2,"featured_media":0,"parent":0,"menu_order":0,"comment_status":"closed","ping_status":"closed","template":"","meta":{"footnotes":""},"class_list":["post-340","page","type-page","status-publish"],"_links":{"self":[{"href":"https:\/\/marsch.hsv-wien.at\/index.php\/wp-json\/wp\/v2\/pages\/340","targetHints":{"allow":["GET"]}}],"collection":[{"href":"https:\/\/marsch.hsv-wien.at\/index.php\/wp-json\/wp\/v2\/pages"}],"about":[{"href":"https:\/\/marsch.hsv-wien.at\/index.php\/wp-json\/wp\/v2\/types\/page"}],"author":[{"embeddable":true,"href":"https:\/\/marsch.hsv-wien.at\/index.php\/wp-json\/wp\/v2\/users\/2"}],"replies":[{"embeddable":true,"href":"https:\/\/marsch.hsv-wien.at\/index.php\/wp-json\/wp\/v2\/comments?post=340"}],"version-history":[{"count":11,"href":"https:\/\/marsch.hsv-wien.at\/index.php\/wp-json\/wp\/v2\/pages\/340\/revisions"}],"predecessor-version":[{"id":1272,"href":"https:\/\/marsch.hsv-wien.at\/index.php\/wp-json\/wp\/v2\/pages\/340\/revisions\/1272"}],"wp:attachment":[{"href":"https:\/\/marsch.hsv-wien.at\/index.php\/wp-json\/wp\/v2\/media?parent=340"}],"curies":[{"name":"wp","href":"https:\/\/api.w.org\/{rel}","templated":true}]}}

Internationale Märsche

<p><strong><em>Vom 13.06. &#8211; 14.06.2026</em></strong> findet im Schweizer Bern der internationale 2 Tagesmarsch (2x40km) statt. Wir organisieren wieder die Anreise &amp; Teilnahme in bewährter Weise! Ein einzigartiges Erlebnis für alle Teilnehmer und gleichzeitig auch ein ausgezeichneter Vorbereitungsmarsch für die Teilnahme beim 4 daagse Marsch in Nijmegen. Bei Interesse einfach Mail an <a href="mailto:office.marsch@hsv-wien.at">office.marsch@hsv-wien.at</a> senden.</p>



<p><strong><em>Vom 21.07. &#8211; 24.07.2026 </em></strong>organisieren wir die Anreise &amp; Teilnahme beim &#8222;4 daagse Marsch&#8220; in Nijmegen, wo 4 x 40km zu bewältigen sein werden. In Kooperation mit der Schweizer Armee werden alle Teilnehmer eine unvergessliche Woche beim größten Europäischen Militärmarsch erleben. Auch hier wird in Marschgruppen und in militärischer Formation mit 10kg Gepäck marschiert werden. Kameradschaft mit den Soldaten aus allen Ländern runden dann das Abendprogramm immer wieder ab! Wer einmal von Nijmegen &#8222;infiziert&#8220; wurde, den lässt diese Veranstaltung nie mehr los! Bei Interesse einfach Mail an <a href="mailto:office.marsch@hsv-wien.at">office.marsch@hsv-wien.at</a> senden.</p>



<p>Die Teilnahme an weiteren internationalen Veranstaltung ist möglich, aber noch nicht konkret geplant. Bei speziellem Interesse einfach Mail an <a href="mailto:office.marsch@hsv-wien.at">office.marsch@hsv-wien.at</a> senden.</p>



<p></p>

<p>Vom 13.06. &#8211; 14.06.2026 findet im Schweizer Bern der internationale 2 Tagesmarsch (2x40km) statt. Wir organisieren wieder die Anreise &amp; Teilnahme in bewährter Weise! Ein einzigartiges Erlebnis für alle Teilnehmer und gleichzeitig auch ein ausgezeichneter Vorbereitungsmarsch für die Teilnahme beim 4 daagse Marsch in Nijmegen. Bei Interesse einfach Mail an office.marsch@hsv-wien.at senden. Vom 21.07. &#8211; &#8230; <a title="Internationale Märsche" class="read-more" href="https://marsch.hsv-wien.at/index.php/internationale-maersche/" aria-label="Mehr Informationen über Internationale Märsche">Weiterlesen</a></p>
