{"id":765,"date":"2025-01-14T07:57:23","date_gmt":"2025-01-14T06:57:23","guid":{"rendered":"http:\/\/dev.marsch.hsv-wien.at\/?page_id=765"},"modified":"2026-02-13T11:28:22","modified_gmt":"2026-02-13T10:28:22","slug":"partner","status":"publish","type":"page","link":"https:\/\/marsch.hsv-wien.at\/index.php\/partner\/","title":{"rendered":"Partner"},"content":{"rendered":"\n<p>Wir m\u00f6chten uns recht herzlichst, bei unseren <strong>Partnern, Unterst\u00fctzern und Sponsoren<\/strong> f\u00fcr die langj\u00e4hrige tolle Zusammenarbeit bedanken:<\/p>\n\n\n\n<div class=\"wp-block-columns is-not-stacked-on-mobile is-layout-flex wp-container-core-columns-is-layout-1 wp-block-columns-is-layout-flex\">\n<div class=\"wp-block-column is-layout-flow wp-block-column-is-layout-flow\">\n<figure class=\"wp-block-image size-large\"><img loading=\"lazy\" decoding=\"async\" width=\"1024\" height=\"1024\" src=\"https:\/\/marsch.hsv-wien.at\/wp-content\/uploads\/2025\/01\/1OeBH-1024x1024.png\" alt=\"\" class=\"wp-image-771\" srcset=\"https:\/\/marsch.hsv-wien.at\/wp-content\/uploads\/2025\/01\/1OeBH-1024x1024.png 1024w, https:\/\/marsch.hsv-wien.at\/wp-content\/uploads\/2025\/01\/1OeBH-300x300.png 300w, https:\/\/marsch.hsv-wien.at\/wp-content\/uploads\/2025\/01\/1OeBH-150x150.png 150w, https:\/\/marsch.hsv-wien.at\/wp-content\/uploads\/2025\/01\/1OeBH-768x768.png 768w, https:\/\/marsch.hsv-wien.at\/wp-content\/uploads\/2025\/01\/1OeBH-1536x1536.png 1536w, https:\/\/marsch.hsv-wien.at\/wp-content\/uploads\/2025\/01\/1OeBH.png 2000w\" sizes=\"auto, (max-width: 1024px) 100vw, 1024px\" \/><\/figure>\n<\/div>\n\n\n\n<div class=\"wp-block-column is-layout-flow wp-block-column-is-layout-flow\">\n<figure class=\"wp-block-image size-full is-resized\"><img loading=\"lazy\" decoding=\"async\" width=\"175\" height=\"175\" src=\"https:\/\/marsch.hsv-wien.at\/wp-content\/uploads\/2025\/01\/5.jpg\" alt=\"\" class=\"wp-image-772\" style=\"width:287px;height:auto\" srcset=\"https:\/\/marsch.hsv-wien.at\/wp-content\/uploads\/2025\/01\/5.jpg 175w, https:\/\/marsch.hsv-wien.at\/wp-content\/uploads\/2025\/01\/5-150x150.jpg 150w\" sizes=\"auto, (max-width: 175px) 100vw, 175px\" \/><\/figure>\n<\/div>\n\n\n\n<div class=\"wp-block-column is-layout-flow wp-block-column-is-layout-flow\">\n<figure class=\"wp-block-image size-full is-resized\"><img loading=\"lazy\" decoding=\"async\" width=\"472\" height=\"554\" src=\"https:\/\/marsch.hsv-wien.at\/wp-content\/uploads\/2026\/02\/Patch.jpg\" alt=\"\" class=\"wp-image-1493\" style=\"width:274px;height:auto\" srcset=\"https:\/\/marsch.hsv-wien.at\/wp-content\/uploads\/2026\/02\/Patch.jpg 472w, https:\/\/marsch.hsv-wien.at\/wp-content\/uploads\/2026\/02\/Patch-256x300.jpg 256w\" sizes=\"auto, (max-width: 472px) 100vw, 472px\" \/><\/figure>\n<\/div>\n<\/div>\n\n\n\n<div class=\"wp-block-columns is-layout-flex wp-container-core-columns-is-layout-2 wp-block-columns-is-layout-flex\">\n<div class=\"wp-block-column is-layout-flow wp-block-column-is-layout-flow\" style=\"flex-basis:33.34%\">\n<figure class=\"wp-block-image size-full is-resized\"><img loading=\"lazy\" decoding=\"async\" width=\"400\" height=\"300\" src=\"https:\/\/marsch.hsv-wien.at\/wp-content\/uploads\/2025\/01\/2a.jpg\" alt=\"\" class=\"wp-image-773\" style=\"width:286px;height:auto\" srcset=\"https:\/\/marsch.hsv-wien.at\/wp-content\/uploads\/2025\/01\/2a.jpg 400w, https:\/\/marsch.hsv-wien.at\/wp-content\/uploads\/2025\/01\/2a-300x225.jpg 300w\" sizes=\"auto, (max-width: 400px) 100vw, 400px\" \/><\/figure>\n<\/div>\n\n\n\n<div class=\"wp-block-column is-layout-flow wp-block-column-is-layout-flow\" style=\"flex-basis:33.34%\">\n<figure class=\"wp-block-image size-full\"><img loading=\"lazy\" decoding=\"async\" width=\"768\" height=\"512\" src=\"https:\/\/marsch.hsv-wien.at\/wp-content\/uploads\/2025\/02\/2.jpg\" alt=\"\" class=\"wp-image-1133\" srcset=\"https:\/\/marsch.hsv-wien.at\/wp-content\/uploads\/2025\/02\/2.jpg 768w, https:\/\/marsch.hsv-wien.at\/wp-content\/uploads\/2025\/02\/2-300x200.jpg 300w\" sizes=\"auto, (max-width: 768px) 100vw, 768px\" \/><\/figure>\n<\/div>\n\n\n\n<div class=\"wp-block-column is-layout-flow wp-block-column-is-layout-flow\" style=\"flex-basis:33.33%\">\n<figure class=\"wp-block-image size-full is-resized\"><img loading=\"lazy\" decoding=\"async\" width=\"960\" height=\"960\" src=\"https:\/\/marsch.hsv-wien.at\/wp-content\/uploads\/2025\/02\/7.jpg\" alt=\"\" class=\"wp-image-1134\" style=\"width:214px;height:auto\" srcset=\"https:\/\/marsch.hsv-wien.at\/wp-content\/uploads\/2025\/02\/7.jpg 960w, https:\/\/marsch.hsv-wien.at\/wp-content\/uploads\/2025\/02\/7-300x300.jpg 300w, https:\/\/marsch.hsv-wien.at\/wp-content\/uploads\/2025\/02\/7-150x150.jpg 150w, https:\/\/marsch.hsv-wien.at\/wp-content\/uploads\/2025\/02\/7-768x768.jpg 768w\" sizes=\"auto, (max-width: 960px) 100vw, 960px\" \/><\/figure>\n<\/div>\n<\/div>\n\n\n\n<div class=\"wp-block-columns is-layout-flex wp-container-core-columns-is-layout-3 wp-block-columns-is-layout-flex\">\n<div class=\"wp-block-column is-layout-flow wp-block-column-is-layout-flow\">\n<figure class=\"wp-block-image size-full\"><img loading=\"lazy\" decoding=\"async\" width=\"709\" height=\"341\" src=\"https:\/\/marsch.hsv-wien.at\/wp-content\/uploads\/2025\/02\/4a.jpg\" alt=\"\" class=\"wp-image-1136\" srcset=\"https:\/\/marsch.hsv-wien.at\/wp-content\/uploads\/2025\/02\/4a.jpg 709w, https:\/\/marsch.hsv-wien.at\/wp-content\/uploads\/2025\/02\/4a-300x144.jpg 300w\" sizes=\"auto, (max-width: 709px) 100vw, 709px\" \/><\/figure>\n<\/div>\n\n\n\n<div class=\"wp-block-column is-layout-flow wp-block-column-is-layout-flow\">\n<figure class=\"wp-block-image size-full\"><img loading=\"lazy\" decoding=\"async\" width=\"868\" height=\"357\" src=\"https:\/\/marsch.hsv-wien.at\/wp-content\/uploads\/2025\/02\/9.png\" alt=\"\" class=\"wp-image-1137\" srcset=\"https:\/\/marsch.hsv-wien.at\/wp-content\/uploads\/2025\/02\/9.png 868w, https:\/\/marsch.hsv-wien.at\/wp-content\/uploads\/2025\/02\/9-300x123.png 300w, https:\/\/marsch.hsv-wien.at\/wp-content\/uploads\/2025\/02\/9-768x316.png 768w\" sizes=\"auto, (max-width: 868px) 100vw, 868px\" \/><\/figure>\n<\/div>\n\n\n\n<div class=\"wp-block-column is-layout-flow wp-block-column-is-layout-flow\">\n<figure class=\"wp-block-image size-full is-resized\"><img loading=\"lazy\" decoding=\"async\" width=\"600\" height=\"390\" src=\"https:\/\/marsch.hsv-wien.at\/wp-content\/uploads\/2025\/02\/10b-1.jpg\" alt=\"\" class=\"wp-image-1144\" style=\"width:241px;height:auto\" srcset=\"https:\/\/marsch.hsv-wien.at\/wp-content\/uploads\/2025\/02\/10b-1.jpg 600w, https:\/\/marsch.hsv-wien.at\/wp-content\/uploads\/2025\/02\/10b-1-300x195.jpg 300w\" sizes=\"auto, (max-width: 600px) 100vw, 600px\" \/><\/figure>\n<\/div>\n<\/div>\n\n\n\n<div class=\"wp-block-columns is-layout-flex wp-container-core-columns-is-layout-5 wp-block-columns-is-layout-flex\">\n<div class=\"wp-block-column is-layout-flow wp-block-column-is-layout-flow\" style=\"flex-basis:100%\">\n<div class=\"wp-block-columns is-layout-flex wp-container-core-columns-is-layout-4 wp-block-columns-is-layout-flex\">\n<div class=\"wp-block-column is-layout-flow wp-block-column-is-layout-flow\">\n<figure class=\"wp-block-image size-full\"><img loading=\"lazy\" decoding=\"async\" width=\"230\" height=\"260\" src=\"https:\/\/marsch.hsv-wien.at\/wp-content\/uploads\/2025\/02\/12-2.png\" alt=\"\" class=\"wp-image-1146\"\/><\/figure>\n<\/div>\n\n\n\n<div class=\"wp-block-column is-layout-flow wp-block-column-is-layout-flow\">\n<figure class=\"wp-block-image size-full\"><img loading=\"lazy\" decoding=\"async\" width=\"180\" height=\"180\" src=\"https:\/\/marsch.hsv-wien.at\/wp-content\/uploads\/2025\/02\/11-1.jpg\" alt=\"\" class=\"wp-image-1147\" srcset=\"https:\/\/marsch.hsv-wien.at\/wp-content\/uploads\/2025\/02\/11-1.jpg 180w, https:\/\/marsch.hsv-wien.at\/wp-content\/uploads\/2025\/02\/11-1-150x150.jpg 150w\" sizes=\"auto, (max-width: 180px) 100vw, 180px\" \/><\/figure>\n<\/div>\n\n\n\n<div class=\"wp-block-column is-layout-flow wp-block-column-is-layout-flow\">\n<figure class=\"wp-block-image size-full\"><img loading=\"lazy\" decoding=\"async\" width=\"250\" height=\"202\" src=\"https:\/\/marsch.hsv-wien.at\/wp-content\/uploads\/2025\/02\/Unbenannt-1.png\" alt=\"\" class=\"wp-image-1148\"\/><\/figure>\n<\/div>\n<\/div>\n<\/div>\n<\/div>\n\n\n\n<div class=\"wp-block-columns is-layout-flex wp-container-core-columns-is-layout-6 wp-block-columns-is-layout-flex\">\n<div class=\"wp-block-column is-layout-flow wp-block-column-is-layout-flow\">\n<figure class=\"wp-block-image size-full\"><img loading=\"lazy\" decoding=\"async\" width=\"197\" height=\"257\" src=\"https:\/\/marsch.hsv-wien.at\/wp-content\/uploads\/2025\/02\/hsv-wien-logo_skaliert.png\" alt=\"\" class=\"wp-image-1151\"\/><\/figure>\n<\/div>\n\n\n\n<div class=\"wp-block-column is-layout-flow wp-block-column-is-layout-flow\">\n<figure class=\"wp-block-image size-full is-resized\"><img loading=\"lazy\" decoding=\"async\" width=\"552\" height=\"607\" src=\"https:\/\/marsch.hsv-wien.at\/wp-content\/uploads\/2025\/02\/MAM_NEU.jpg\" alt=\"\" class=\"wp-image-1152\" style=\"width:234px;height:auto\" srcset=\"https:\/\/marsch.hsv-wien.at\/wp-content\/uploads\/2025\/02\/MAM_NEU.jpg 552w, https:\/\/marsch.hsv-wien.at\/wp-content\/uploads\/2025\/02\/MAM_NEU-273x300.jpg 273w\" sizes=\"auto, (max-width: 552px) 100vw, 552px\" \/><\/figure>\n<\/div>\n\n\n\n<div class=\"wp-block-column is-layout-flow wp-block-column-is-layout-flow\"><div class=\"wp-block-image\">\n<figure class=\"alignleft size-full is-resized\"><img loading=\"lazy\" decoding=\"async\" width=\"400\" height=\"522\" src=\"https:\/\/marsch.hsv-wien.at\/wp-content\/uploads\/2026\/02\/hsv-wien-logo_neu.jpg\" alt=\"\" class=\"wp-image-1491\" style=\"width:190px;height:auto\" srcset=\"https:\/\/marsch.hsv-wien.at\/wp-content\/uploads\/2026\/02\/hsv-wien-logo_neu.jpg 400w, https:\/\/marsch.hsv-wien.at\/wp-content\/uploads\/2026\/02\/hsv-wien-logo_neu-230x300.jpg 230w\" sizes=\"auto, (max-width: 400px) 100vw, 400px\" \/><\/figure><\/div><\/div>\n<\/div>\n\n\n\n<div class=\"wp-block-columns is-layout-flex wp-container-core-columns-is-layout-7 wp-block-columns-is-layout-flex\">\n<div class=\"wp-block-column is-layout-flow wp-block-column-is-layout-flow\"><\/div>\n\n\n\n<div class=\"wp-block-column is-layout-flow wp-block-column-is-layout-flow\">\n<figure class=\"wp-block-image size-full\"><img loading=\"lazy\" decoding=\"async\" width=\"389\" height=\"508\" src=\"https:\/\/marsch.hsv-wien.at\/wp-content\/uploads\/2025\/02\/Dok10.jpg\" alt=\"\" class=\"wp-image-1154\" srcset=\"https:\/\/marsch.hsv-wien.at\/wp-content\/uploads\/2025\/02\/Dok10.jpg 389w, https:\/\/marsch.hsv-wien.at\/wp-content\/uploads\/2025\/02\/Dok10-230x300.jpg 230w\" sizes=\"auto, (max-width: 389px) 100vw, 389px\" \/><\/figure>\n<\/div>\n\n\n\n<div class=\"wp-block-column is-layout-flow wp-block-column-is-layout-flow\"><\/div>\n<\/div>\n","protected":false},"excerpt":{"rendered":"<p>Wir m\u00f6chten uns recht herzlichst, bei unseren Partnern, Unterst\u00fctzern und Sponsoren f\u00fcr die langj\u00e4hrige tolle Zusammenarbeit bedanken:<\/p>\n","protected":false},"author":2,"featured_media":0,"parent":0,"menu_order":0,"comment_status":"closed","ping_status":"closed","template":"","meta":{"footnotes":""},"class_list":["post-765","page","type-page","status-publish"],"_links":{"self":[{"href":"https:\/\/marsch.hsv-wien.at\/index.php\/wp-json\/wp\/v2\/pages\/765","targetHints":{"allow":["GET"]}}],"collection":[{"href":"https:\/\/marsch.hsv-wien.at\/index.php\/wp-json\/wp\/v2\/pages"}],"about":[{"href":"https:\/\/marsch.hsv-wien.at\/index.php\/wp-json\/wp\/v2\/types\/page"}],"author":[{"embeddable":true,"href":"https:\/\/marsch.hsv-wien.at\/index.php\/wp-json\/wp\/v2\/users\/2"}],"replies":[{"embeddable":true,"href":"https:\/\/marsch.hsv-wien.at\/index.php\/wp-json\/wp\/v2\/comments?post=765"}],"version-history":[{"count":25,"href":"https:\/\/marsch.hsv-wien.at\/index.php\/wp-json\/wp\/v2\/pages\/765\/revisions"}],"predecessor-version":[{"id":1496,"href":"https:\/\/marsch.hsv-wien.at\/index.php\/wp-json\/wp\/v2\/pages\/765\/revisions\/1496"}],"wp:attachment":[{"href":"https:\/\/marsch.hsv-wien.at\/index.php\/wp-json\/wp\/v2\/media?parent=765"}],"curies":[{"name":"wp","href":"https:\/\/api.w.org\/{rel}","templated":true}]}}